	{"id":8,"date":"2015-01-21T21:32:35","date_gmt":"2015-01-21T20:32:35","guid":{"rendered":"http:\/\/www.fyziomasaze-veronika.cz\/?page_id=8"},"modified":"2020-03-02T20:47:14","modified_gmt":"2020-03-02T19:47:14","slug":"o-mne","status":"publish","type":"page","link":"https:\/\/www.fyziomasaze-veronika.cz\/?page_id=8","title":{"rendered":"O MN\u011a"},"content":{"rendered":"<p><img loading=\"lazy\" class=\"alignright wp-image-187 size-medium\" src=\"http:\/\/www.fyziomasaze-veronika.cz\/wp-content\/uploads\/2015\/02\/veronika_cumpelikova_o-mne-2-225x300.jpg\" alt=\"veronika_cumpelikova_o-mne-2\" width=\"225\" height=\"300\" srcset=\"https:\/\/www.fyziomasaze-veronika.cz\/wp-content\/uploads\/2015\/02\/veronika_cumpelikova_o-mne-2-225x300.jpg 225w, https:\/\/www.fyziomasaze-veronika.cz\/wp-content\/uploads\/2015\/02\/veronika_cumpelikova_o-mne-2.jpg 600w\" sizes=\"(max-width: 225px) 100vw, 225px\" \/>Jmenuji se Veronika \u010cumpel\u00edkov\u00e1 a jsem diplomovan\u00fd fyzioterapeut.<\/p>\n<p>Jeliko\u017e lidsk\u00e9 t\u011blo funguje a pracuje jako komplexn\u00ed syst\u00e9m, kdy jednotliv\u00e9 svaly nepracuj\u00ed nikdy samostatn\u011b, ale v\u017edy v r\u00e1mci ur\u010dit\u00e9 souhry, je nutn\u00e9 na tuto skute\u010dnost pohl\u00ed\u017eet i p\u0159i samotn\u00e9 terapii obt\u00ed\u017e\u00ed, se kter\u00fdmi lid\u00e9 p\u0159ich\u00e1zej\u00ed.<\/p>\n<p>Z tohoto d\u016fvodu je volba fyzioterapeutick\u00fdch technik a mas\u00e1\u017en\u00edch hmat\u016f pro ka\u017ed\u00e9ho klienta v\u017edy individu\u00e1ln\u00ed.<\/p>\n<p>&nbsp;<\/p>\n<p><strong>Vzd\u011bl\u00e1n\u00ed a praxe<\/strong><\/p>\n<ul>\n<li>St\u0159edn\u00ed zdravotnick\u00e1 \u0161kola \u2013 obor v\u0161eobecn\u00e1 sestra &#8211; 1993 \u2013 1997<\/li>\n<li>Vy\u0161\u0161\u00ed odborn\u00e1 \u0161kola \u2013 obor diplomovan\u00fd fyzioterapeut \u2013 1997 \u2013 2000<\/li>\n<li>Instruktor zdravotn\u00edho silov\u00e9ho tr\u00e9ninku \u2013 Kieser Training &#8211; 2011 \u2013 2014<\/li>\n<li>Fyzioterapeut v\u00a0Centru pro voln\u00fd \u010das Na Fialce, \u0158\u00ed\u010dany \u2013 2013 \u2013\u00a02015<\/li>\n<li>Soukrom\u00e1 praxe v\u00a0\u0158\u00ed\u010danech \u2013 2014 \u2013 sou\u010dasnost<\/li>\n<\/ul>\n<p>&nbsp;<\/p>\n<p><strong>Kurzy<\/strong><\/p>\n<ul>\n<li>Odborn\u00e9 \u0161kolen\u00ed instruktora terapeutick\u00e9ho a preventivn\u00edho silov\u00e9ho\u00a0tr\u00e9ninku &#8211; 2011<\/li>\n<li>Dornova metoda a Breussova mas\u00e1\u017e &#8211; 2012<\/li>\n<li>Kineziotaping I. &#8211; 2013<\/li>\n<li>Kineziotaping II. \u2013 2013<\/li>\n<li>Dornova metoda II. &#8211; 2014<\/li>\n<li>Spir\u00e1ln\u00ed stabilizace (SM syst\u00e9m) &#8211; z\u00e1kladn\u00ed cviky -2017<\/li>\n<li>Spir\u00e1ln\u00ed stabilizace (SM syst\u00e9m) &#8211; manu\u00e1ln\u00ed techniky &#8211; 2017<\/li>\n<li>Spir\u00e1ln\u00ed stabilizace (SM syst\u00e9m) &#8211; bedern\u00ed p\u00e1te\u0159 &#8211; 2017<\/li>\n<li>Spir\u00e1ln\u00ed stabilizace (SM syst\u00e9m) &#8211; kr\u010dn\u00ed a hrudn\u00ed p\u00e1te\u0159 &#8211; 2017<\/li>\n<li>Spir\u00e1ln\u00ed stabilizace (SM syst\u00e9m) &#8211; horn\u00ed kon\u010detina &#8211; 2018<\/li>\n<li>Spir\u00e1ln\u00ed stabilizace (SM syst\u00e9m) &#8211; doln\u00ed kon\u010detina &#8211; 2018<\/li>\n<li>Terapeutick\u00e9 vyu\u017eit\u00ed kompresn\u00ed gumy COMPREFLOSS &#8211; Flossband &#8211; 2019<\/li>\n<li>Myofasci\u00e1ln\u00ed trigger pointy &#8211; 2020<\/li>\n<\/ul>\n","protected":false},"excerpt":{"rendered":"<p>Jmenuji se Veronika \u010cumpel\u00edkov\u00e1 a jsem diplomovan\u00fd fyzioterapeut. Jeliko\u017e lidsk\u00e9 t\u011blo funguje a pracuje jako komplexn\u00ed syst\u00e9m, kdy jednotliv\u00e9 svaly nepracuj\u00ed nikdy samostatn\u011b, ale v\u017edy v r\u00e1mci ur\u010dit\u00e9 souhry, je nutn\u00e9 na tuto skute\u010dnost pohl\u00ed\u017eet i p\u0159i samotn\u00e9 terapii obt\u00ed\u017e\u00ed, se kter\u00fdmi lid\u00e9 p\u0159ich\u00e1zej\u00ed. Z tohoto d\u016fvodu je volba fyzioterapeutick\u00fdch technik a mas\u00e1\u017en\u00edch hmat\u016f pro [&hellip;]<\/p>\n","protected":false},"author":1,"featured_media":0,"parent":0,"menu_order":35,"comment_status":"closed","ping_status":"closed","template":"","meta":[],"_links":{"self":[{"href":"https:\/\/www.fyziomasaze-veronika.cz\/index.php?rest_route=\/wp\/v2\/pages\/8"}],"collection":[{"href":"https:\/\/www.fyziomasaze-veronika.cz\/index.php?rest_route=\/wp\/v2\/pages"}],"about":[{"href":"https:\/\/www.fyziomasaze-veronika.cz\/index.php?rest_route=\/wp\/v2\/types\/page"}],"author":[{"embeddable":true,"href":"https:\/\/www.fyziomasaze-veronika.cz\/index.php?rest_route=\/wp\/v2\/users\/1"}],"replies":[{"embeddable":true,"href":"https:\/\/www.fyziomasaze-veronika.cz\/index.php?rest_route=%2Fwp%2Fv2%2Fcomments&post=8"}],"version-history":[{"count":20,"href":"https:\/\/www.fyziomasaze-veronika.cz\/index.php?rest_route=\/wp\/v2\/pages\/8\/revisions"}],"predecessor-version":[{"id":3329,"href":"https:\/\/www.fyziomasaze-veronika.cz\/index.php?rest_route=\/wp\/v2\/pages\/8\/revisions\/3329"}],"wp:attachment":[{"href":"https:\/\/www.fyziomasaze-veronika.cz\/index.php?rest_route=%2Fwp%2Fv2%2Fmedia&parent=8"}],"curies":[{"name":"wp","href":"https:\/\/api.w.org\/{rel}","templated":true}]}}

O MNĚ

<p><img loading="lazy" class="alignright wp-image-187 size-medium" src="http://www.fyziomasaze-veronika.cz/wp-content/uploads/2015/02/veronika_cumpelikova_o-mne-2-225x300.jpg" alt="veronika_cumpelikova_o-mne-2" width="225" height="300" srcset="https://www.fyziomasaze-veronika.cz/wp-content/uploads/2015/02/veronika_cumpelikova_o-mne-2-225x300.jpg 225w, https://www.fyziomasaze-veronika.cz/wp-content/uploads/2015/02/veronika_cumpelikova_o-mne-2.jpg 600w" sizes="(max-width: 225px) 100vw, 225px" />Jmenuji se Veronika Čumpelíková a jsem diplomovaný fyzioterapeut.</p>
<p>Jelikož lidské tělo funguje a pracuje jako komplexní systém, kdy jednotlivé svaly nepracují nikdy samostatně, ale vždy v rámci určité souhry, je nutné na tuto skutečnost pohlížet i při samotné terapii obtíží, se kterými lidé přicházejí.</p>
<p>Z tohoto důvodu je volba fyzioterapeutických technik a masážních hmatů pro každého klienta vždy individuální.</p>
<p>&nbsp;</p>
<p><strong>Vzdělání a praxe</strong></p>
<ul>
<li>Střední zdravotnická škola – obor všeobecná sestra &#8211; 1993 – 1997</li>
<li>Vyšší odborná škola – obor diplomovaný fyzioterapeut – 1997 – 2000</li>
<li>Instruktor zdravotního silového tréninku – Kieser Training &#8211; 2011 – 2014</li>
<li>Fyzioterapeut v Centru pro volný čas Na Fialce, Říčany – 2013 – 2015</li>
<li>Soukromá praxe v Říčanech – 2014 – současnost</li>
</ul>
<p>&nbsp;</p>
<p><strong>Kurzy</strong></p>
<ul>
<li>Odborné školení instruktora terapeutického a preventivního silového tréninku &#8211; 2011</li>
<li>Dornova metoda a Breussova masáž &#8211; 2012</li>
<li>Kineziotaping I. &#8211; 2013</li>
<li>Kineziotaping II. – 2013</li>
<li>Dornova metoda II. &#8211; 2014</li>
<li>Spirální stabilizace (SM systém) &#8211; základní cviky -2017</li>
<li>Spirální stabilizace (SM systém) &#8211; manuální techniky &#8211; 2017</li>
<li>Spirální stabilizace (SM systém) &#8211; bederní páteř &#8211; 2017</li>
<li>Spirální stabilizace (SM systém) &#8211; krční a hrudní páteř &#8211; 2017</li>
<li>Spirální stabilizace (SM systém) &#8211; horní končetina &#8211; 2018</li>
<li>Spirální stabilizace (SM systém) &#8211; dolní končetina &#8211; 2018</li>
<li>Terapeutické využití kompresní gumy COMPREFLOSS &#8211; Flossband &#8211; 2019</li>
<li>Myofasciální trigger pointy &#8211; 2020</li>
</ul>

<p>Jmenuji se Veronika Čumpelíková a jsem diplomovaný fyzioterapeut. Jelikož lidské tělo funguje a pracuje jako komplexní systém, kdy jednotlivé svaly nepracují nikdy samostatně, ale vždy v rámci určité souhry, je nutné na tuto skutečnost pohlížet i při samotné terapii obtíží, se kterými lidé přicházejí. Z tohoto důvodu je volba fyzioterapeutických technik a masážních hmatů pro [&hellip;]</p>
